Is 66739 a composite number?
False
Is 57637 prime?
True
Is 369727 a prime number?
False
Is 3067 a composite number?
False
Is 16427 a prime number?
True
Is 18871 composite?
True
Is 684923 a composite number?
False
Is 134111 a composite number?
True
Is 533527 a composite number?
True
Is 16391 a composite number?
True
Is 94513 composite?
False
Is 12773 a composite number?
True
Is 1037 a composite number?
True
Is 8922995 a composite number?
True
Is 288907 prime?
True
Is 18569 composite?
True
Is 1093685 composite?
True
Is 677017 a prime number?
False
Is 27611 prime?
True
Is 141299 a prime number?
False
Is 42043 a prime number?
True
Is 408493 a prime number?
False
Is 17609 prime?
True
Is 614167 a prime number?
True
Is 1399 a composite number?
False
Is 220541 a composite number?
True
Is 644617 a prime number?
True
Is 149861 a composite number?
False
Is 47597 prime?
False
Is 29771 a prime number?
False
Is 70419 composite?
True
Is 10361 composite?
True
Is 76819 prime?
True
Is 104417 prime?
True
Is 5627 a prime number?
False
Is 536369 prime?
False
Is 6197 a composite number?
False
Is 2902 a prime number?
False
Is 262013 a prime number?
False
Is 257531 a composite number?
True
Is 4467 a composite number?
True
Is 176909 prime?
False
Is 33149 prime?
True
Is 20869 a composite number?
True
Is 181037 prime?
False
Is 22147 a composite number?
False
Is 1271 prime?
False
Is 7753 a composite number?
False
Is 50383 composite?
False
Is 431 a prime number?
True
Is 44063 a composite number?
True
Is 17585 composite?
True
Is 53689 a composite number?
True
Is 17729 composite?
False
Is 40343 prime?
True
Is 630997 composite?
False
Is 83891 a composite number?
False
Is 3511 prime?
True
Is 5979 prime?
False
Is 2237 composite?
False
Is 1097251 a prime number?
False
Is 494509 a composite number?
True
Is 4381 prime?
False
Is 316517 composite?
True
Is 5209 a prime number?
True
Is 374389 a prime number?
True
Is 16943 a composite number?
False
Is 255173 a prime number?
True
Is 2159 a prime number?
False
Is 1621 composite?
False
Is 5951 composite?
True
Is 30953 a composite number?
True
Is 335 prime?
False
Is 33917 a composite number?
True
Is 48437 a composite number?
False
Is 692567 prime?
True
Is 331 prime?
True
Is 39857 a prime number?
True
Is 141157 a prime number?
True
Is 504907 prime?
False
Is 887 a composite number?
False
Is 137393 composite?
False
Is 3797 prime?
True
Is 426631 prime?
True
Is 1625539 prime?
True
Is 18295 composite?
True
Is 1861567 prime?
True
Is 27941 composite?
False
Is 100883 prime?
False
Is 5209 a composite number?
False
Is 13577 a composite number?
False
Is 420799 a prime number?
True
Is 20337 a composite number?
True
Is 483355 prime?
False
Is 7639 prime?
True
Is 533243 a prime number?
False
Is 17769 composite?
True
Is 452191 a prime number?
True
Is 34049 composite?
True
Is 462263 prime?
True
Is 48647 composite?
False
Is 218249 a prime number?
True
Is 509315 a prime number?
False
Is 16447 prime?
True
Is 1236881 composite?
True
Is 75133 prime?
True
Is 19979 a composite number?
False
Is 10559 a prime number?
True
Is 8147 composite?
False
Is 16781 a prime number?
False
Is 2195 prime?
False
Is 10055 prime?
False
Is 469703 a prime number?
False
Is 16921 composite?
False
Is 661655 a composite number?
True
Is 18059 a prime number?
True
Is 681289 composite?
True
Is 1271 prime?
False
Is 1949 a composite number?
False
Is 29905 composite?
True
Is 520241 composite?
False
Is 609859 a composite number?
False
Is 5197 composite?
False
Is 1151861 composite?
False
Is 644615 a composite number?
True
Is 958 prime?
False
Is 68167 composite?
True
Is 101617 a composite number?
True
Is 13199 a prime number?
False
Is 20317 a prime number?
False
Is 478 a prime number?
False
Is 1481071 a composite number?
False
Is 8147 prime?
True
Is 365747 prime?
True
Is 12637 composite?
False
Is 613253 prime?
True
Is 37841 prime?
False
Is 5227 a prime number?
True
Is 85121 a prime number?
True
Is 506009 a composite number?
True
Is 1361 a prime number?
True
Is 181361 a prime number?
True
Is 72019 composite?
False
Is 3247117 prime?
False
Is 26309 composite?
False
Is 36535 composite?
True
Is 114803 a prime number?
False
Is 42589 prime?
True
Is 499109 a composite number?
True
Is 9391 composite?
False
Is 236603 composite?
True
Is 418973 a composite number?
True
Is 181157 a composite number?
False
Is 20841 a composite number?
True
Is 296579 a composite number?
False
Is 346703 a prime number?
False
Is 29483 a composite number?
False
Is 211 composite?
False
Is 49451 a composite number?
False
Is 111261 composite?
True
Is 3959 a composite number?
True
Is 341249 prime?
False
Is 22433 composite?
False
Is 4195 a prime number?
False
Is 466709 prime?
False
Is 4201 a composite number?
False
Is 79642 a prime number?
False
Is 334541 a prime number?
True
Is 83015 a composite number?
True
Is 35831 prime?
True
Is 55579 a composite number?
False
Is 1313 composite?
True
Is 32539 prime?
False
Is 597119 composite?
True
Is 132261 prime?
False
Is 554 a composite number?
True
Is 49843 a composite number?
False
Is 2460467 a prime number?
True
Is 19853 composite?
False
Is 3943 a prime number?
True
Is 152333 a composite number?
True
Is 89861 prime?
False
Is 5779 a composite number?
False
Is 5898349 a prime number?
True
Is 462331 a composite number?
False
Is 10133 prime?
True
Is 1013921 prime?
True
Is 631 a composite number?
False
Is 13121 prime?
True
Is 649141 a prime number?
True
Is 7069 composite?
False
Is 8098 a composite number?
True
Is 178463 composite?
True
Is 1077007 a prime number?
False
Is 16721 composite?
True
Is 19574 a composite number?
True
Is 60077 a composite number?
False
Is 28869 prime?
False
Is 268579 a prime number?
False
Is 898109 composite?
False
Is 43177 prime?
True
Is 784831 composite?
False
Is 12287 composite?
True
Is 76697 composite?
False
Is 19889 composite?
False
Is 6128437 prime?
False
Is 431857 a composite number?
False
Is 26671 prime?
False
Is 38207 prime?
False
Is 331 composite?
False
Is 377441 a prime number?
False
Is 5227 a prime number?
True
Is 1460917 a composite number?
True
Is 57755 composite?
True
Is 68883 composite?
True
Is 108929 prime?
True
Is 85611 prime?
False
Is 1102593 a prime number?
False
Is 246769 a prime number?
True
Is 31387 a prime number?
True
Is 369539 prime?
True
Is 851 a prime number?
False
Is 59611 a composite number?
False
Is 1458863 a composite number?
True
Is 2099 a composite number?
False
Is 5287 prime?
False
Is 288551 composite?
False
Is 18455 a prime number?
False
Is 39103 a composite number?
False
Is 1116257 a prime number?
True
Is 5591 a prime number?
True
Is 27593 composite?
True
Is 16293 a prime number?
False
Is 28591 a composite number?
False
Is 28555 a prime number?
False
Is 53923 composite?
False
Is 135179 prime?
False
Is 7789 a prime number?
True
Is 207629 composite?
False
Is 159839 a prime number?
True
Is 953 a prime number?
True
Is 45301 a prime number?
False
Is 5177 prime?
False
Is 75553 a prime number?
True
Is 178 a prime number?
False
Is 1107523 composite?
False
Is 10723913 composite?
False
Is 461167 a prime number?
False
Is 8779 composite?
False
Is 4751 a prime number?
True
Is 1998649 prime?
False
Is 123341 a prime number?
True
Is 839693 a composite number?
False
Is 248971 prime?
True
Is 480013 a composite number?
False
Is 7669 a composite number?
False
Is 380483 a composite number?
False
Is 287399 a prime number?
False
Is 314257 composite?
False
Is 10435 composite?
True
Is 1337 a composite number?
True
Is 40567 composite?
True
Is 14453 prime?
False
Is 1464497 a prime number?
False
Is 11179 a composite number?
True
Is 257239 a prime number?
True
Is 144479 composite?
False
Is 8185 prime?
False
Is 17753 prime?
False
Is 21583 a composite number?
True
Is 9527 composite?
True
Is 138802 prime?
False
Is 6709 composite?
False
Is 28729 composite?
False
Is 27503 a prime number?
False
Is 2897 prime?
True
Is 344417 composite?
False
Is 69767 composite?
False
Is 27397 a composite number?
False
Is 77627 composite?
True
Is 36199 prime?
False
Is 64483 prime?
True
Is 30161 prime?
True
Is 444229 a composite number?
True
Is 1246519 a prime number?
False
Is 72067 composite?
True
Is 7666 a composite number?
True
Is 5003 composite?
False
Is 7039 a prime number?
True
Is